{"id":218,"date":"2021-03-26T08:24:17","date_gmt":"2021-03-26T08:24:17","guid":{"rendered":"https:\/\/baustelle.schuelerheim-hoechstaedt.de\/?page_id=218"},"modified":"2026-04-14T14:55:35","modified_gmt":"2026-04-14T14:55:35","slug":"mensa-kueche","status":"publish","type":"page","link":"https:\/\/schuelerheim-hoechstaedt.de\/index.php\/mensa-kueche\/","title":{"rendered":"Mensa\/K\u00fcche"},"content":{"rendered":"\n<h3 class=\"wp-block-heading\">Navitas MENSA<\/h3>\n\n\n\n<p><\/p>\n\n\n\n<p><strong><em>Echt nice! Gesund und Lecker essen in der Navitas-Mensa<\/em><\/strong><\/p>\n\n\n\n<p>Seit September 2019 bewirten mein Team und ich die Sch\u00fclerinnen und Sch\u00fcler der Mensa des Sch\u00fclerheims H\u00f6chst\u00e4dt! Und Wie f\u00fcr alle, war auch f\u00fcr uns 2020 eine Herausforderung &#8211; denn der Betrieb steht und f\u00e4llt nat\u00fcrlich mit dem Pr\u00e4senz-Unterricht f\u00fcr die Sch\u00fcler\/innen. Hoffen wir also, dass sich die Situation im Jahr 2021 wieder verbessert und wir die Sch\u00fcler\/innen kulinarisch verw\u00f6hnen k\u00f6nnen!<\/p>\n\n\n\n<p>Uns ist es ein gro\u00dfes Anliegen, den Sch\u00fcler\/innen ein gesundes, leckeres und abwechslungsreiches Essen anzubieten &#8211; und es soll Spa\u00df machen, zu uns in die Mensa zu kommen. Deshalb bieten wir, als bio-zertifiziertes Betriebsrestaurant:<\/p>\n\n\n\n<ul class=\"wp-block-list\">\n<li>T\u00e4glich ein abwechslungsreiches und gesundes Fr\u00fchst\u00fccksangebot<\/li>\n\n\n\n<li>Vegan, vegetarisch oder Allergie. Mit Voranmeldung f\u00fcr uns kein Problem.<\/li>\n\n\n\n<li>Mittags und abends eine kreative und vielf\u00e4ltige Auswahl an Gerichten<\/li>\n<\/ul>\n\n\n\n<p>Nat\u00fcrlich finden Sie das t\u00e4gliche <strong>Speisenangebot <\/strong>auch als <strong>App<\/strong>. Sollten Sie W\u00fcnsche oder Anregungen haben, lassen Sie es mich gerne wissen!<\/p>\n\n\n\n<p>-&gt; <a href=\"https:\/\/schuelerheim-hoechstaedt.de\/wp-content\/uploads\/2022\/04\/Erklaerung-Navitas-App.pdf\">Wie nutze ich die App richtig<\/a><\/p>\n\n\n\n<p>-&gt; <a href=\"https:\/\/play.google.com\/store\/apps\/details?id=de.navitas.mmc&amp;gl=DE\">Klick mich f\u00fcr GooglePlay<\/a><\/p>\n\n\n\n<p>-&gt; <a href=\"https:\/\/apps.apple.com\/de\/app\/navitas\/id1564580523\">Klick mich f\u00fcr Apple<\/a><\/p>\n\n\n\n<p>Bleiben Sie gesund und wir freuen uns auf das Wiedersehen!<\/p>\n\n\n\n<p><em><a href=\"https:\/\/schuelerheim-hoechstaedt.de\/index.php\/fb-manager-ilja-kulbach\/\" data-type=\"page\" data-id=\"244\">Ihr ILJA <\/a><a href=\"https:\/\/schuelerheim-hoechstaedt.de\/index.php\/fb-manager-ilja-kulbach\/\" data-type=\"page\">KULBACH<\/a><\/em><\/p>\n\n\n\n<figure class=\"wp-block-gallery has-nested-images columns-6 is-cropped wp-block-gallery-1 is-layout-flex wp-block-gallery-is-layout-flex\">\n<figure class=\"wp-block-image size-full is-style-rounded\"><a href=\"https:\/\/schuelerheim-hoechstaedt.de\/wp-content\/uploads\/2021\/03\/FB-Manager-Ilja-Kulbach.jpg\"><img loading=\"lazy\" decoding=\"async\" width=\"1512\" height=\"1964\" data-id=\"224\" src=\"https:\/\/baustelle.schuelerheim-hoechstaedt.de\/wp-content\/uploads\/2021\/03\/FB-Manager-Ilja-Kulbach.jpg\" alt=\"\" class=\"wp-image-224\" srcset=\"https:\/\/schuelerheim-hoechstaedt.de\/wp-content\/uploads\/2021\/03\/FB-Manager-Ilja-Kulbach.jpg 1512w, https:\/\/schuelerheim-hoechstaedt.de\/wp-content\/uploads\/2021\/03\/FB-Manager-Ilja-Kulbach-231x300.jpg 231w, https:\/\/schuelerheim-hoechstaedt.de\/wp-content\/uploads\/2021\/03\/FB-Manager-Ilja-Kulbach-788x1024.jpg 788w, https:\/\/schuelerheim-hoechstaedt.de\/wp-content\/uploads\/2021\/03\/FB-Manager-Ilja-Kulbach-768x998.jpg 768w, https:\/\/schuelerheim-hoechstaedt.de\/wp-content\/uploads\/2021\/03\/FB-Manager-Ilja-Kulbach-1183x1536.jpg 1183w\" sizes=\"auto, (max-width: 1512px) 100vw, 1512px\" \/><\/a><figcaption class=\"wp-element-caption\">F&amp;B Manager Ilja Kulbach<\/figcaption><\/figure>\n\n\n\n<figure class=\"wp-block-image size-full is-style-rounded\"><a href=\"https:\/\/schuelerheim-hoechstaedt.de\/wp-content\/uploads\/2024\/10\/Mike.jpg\"><img loading=\"lazy\" decoding=\"async\" width=\"1706\" height=\"2257\" data-id=\"868\" src=\"https:\/\/schuelerheim-hoechstaedt.de\/wp-content\/uploads\/2024\/10\/Mike.jpg\" alt=\"\" class=\"wp-image-868\" srcset=\"https:\/\/schuelerheim-hoechstaedt.de\/wp-content\/uploads\/2024\/10\/Mike.jpg 1706w, https:\/\/schuelerheim-hoechstaedt.de\/wp-content\/uploads\/2024\/10\/Mike-227x300.jpg 227w, https:\/\/schuelerheim-hoechstaedt.de\/wp-content\/uploads\/2024\/10\/Mike-774x1024.jpg 774w, https:\/\/schuelerheim-hoechstaedt.de\/wp-content\/uploads\/2024\/10\/Mike-768x1016.jpg 768w, https:\/\/schuelerheim-hoechstaedt.de\/wp-content\/uploads\/2024\/10\/Mike-1161x1536.jpg 1161w, https:\/\/schuelerheim-hoechstaedt.de\/wp-content\/uploads\/2024\/10\/Mike-1548x2048.jpg 1548w\" sizes=\"auto, (max-width: 1706px) 100vw, 1706px\" \/><\/a><figcaption class=\"wp-element-caption\">Koch Mike Natschke<\/figcaption><\/figure>\n\n\n\n<figure class=\"wp-block-image size-full\"><a href=\"https:\/\/schuelerheim-hoechstaedt.de\/wp-content\/uploads\/2024\/11\/navitas2-1.png\"><img loading=\"lazy\" decoding=\"async\" width=\"218\" height=\"287\" data-id=\"882\" src=\"https:\/\/schuelerheim-hoechstaedt.de\/wp-content\/uploads\/2024\/11\/navitas2-1.png\" alt=\"\" class=\"wp-image-882\"\/><\/a><\/figure>\n<\/figure>\n\n\n\n<figure class=\"wp-block-gallery has-nested-images columns-6 is-cropped wp-block-gallery-2 is-layout-flex wp-block-gallery-is-layout-flex\">\n<figure class=\"wp-block-image size-full is-style-rounded\"><a href=\"https:\/\/schuelerheim-hoechstaedt.de\/wp-content\/uploads\/2021\/03\/Kuechenhelferin-Andrea-Reiser.jpg\"><img loading=\"lazy\" decoding=\"async\" width=\"1512\" height=\"2124\" data-id=\"226\" src=\"https:\/\/baustelle.schuelerheim-hoechstaedt.de\/wp-content\/uploads\/2021\/03\/Kuechenhelferin-Andrea-Reiser.jpg\" alt=\"\" class=\"wp-image-226\" srcset=\"https:\/\/schuelerheim-hoechstaedt.de\/wp-content\/uploads\/2021\/03\/Kuechenhelferin-Andrea-Reiser.jpg 1512w, https:\/\/schuelerheim-hoechstaedt.de\/wp-content\/uploads\/2021\/03\/Kuechenhelferin-Andrea-Reiser-214x300.jpg 214w, https:\/\/schuelerheim-hoechstaedt.de\/wp-content\/uploads\/2021\/03\/Kuechenhelferin-Andrea-Reiser-729x1024.jpg 729w, https:\/\/schuelerheim-hoechstaedt.de\/wp-content\/uploads\/2021\/03\/Kuechenhelferin-Andrea-Reiser-768x1079.jpg 768w, https:\/\/schuelerheim-hoechstaedt.de\/wp-content\/uploads\/2021\/03\/Kuechenhelferin-Andrea-Reiser-1093x1536.jpg 1093w, https:\/\/schuelerheim-hoechstaedt.de\/wp-content\/uploads\/2021\/03\/Kuechenhelferin-Andrea-Reiser-1458x2048.jpg 1458w\" sizes=\"auto, (max-width: 1512px) 100vw, 1512px\" \/><\/a><figcaption class=\"wp-element-caption\">K\u00fcchenhelferin Andrea Reiser<\/figcaption><\/figure>\n\n\n\n<figure class=\"wp-block-image size-full is-style-rounded\"><a href=\"https:\/\/schuelerheim-hoechstaedt.de\/wp-content\/uploads\/2021\/03\/PXL_20210324_135631132.PORTRAIT.jpg\"><img loading=\"lazy\" decoding=\"async\" width=\"843\" height=\"1024\" data-id=\"230\" src=\"https:\/\/baustelle.schuelerheim-hoechstaedt.de\/wp-content\/uploads\/2021\/03\/PXL_20210324_135631132.PORTRAIT-843x1024.jpg\" alt=\"\" class=\"wp-image-230\" srcset=\"https:\/\/schuelerheim-hoechstaedt.de\/wp-content\/uploads\/2021\/03\/PXL_20210324_135631132.PORTRAIT-843x1024.jpg 843w, https:\/\/schuelerheim-hoechstaedt.de\/wp-content\/uploads\/2021\/03\/PXL_20210324_135631132.PORTRAIT-247x300.jpg 247w, https:\/\/schuelerheim-hoechstaedt.de\/wp-content\/uploads\/2021\/03\/PXL_20210324_135631132.PORTRAIT-768x933.jpg 768w, https:\/\/schuelerheim-hoechstaedt.de\/wp-content\/uploads\/2021\/03\/PXL_20210324_135631132.PORTRAIT-1264x1536.jpg 1264w, https:\/\/schuelerheim-hoechstaedt.de\/wp-content\/uploads\/2021\/03\/PXL_20210324_135631132.PORTRAIT.jpg 1512w\" sizes=\"auto, (max-width: 843px) 100vw, 843px\" \/><\/a><figcaption class=\"wp-element-caption\">K\u00fcchenhelferin Silke Tobies<\/figcaption><\/figure>\n\n\n\n<figure class=\"wp-block-image size-full is-style-rounded\"><a href=\"https:\/\/schuelerheim-hoechstaedt.de\/wp-content\/uploads\/2026\/04\/image-1.png\"><img loading=\"lazy\" decoding=\"async\" width=\"792\" height=\"941\" data-id=\"1100\" src=\"https:\/\/schuelerheim-hoechstaedt.de\/wp-content\/uploads\/2026\/04\/image-1.png\" alt=\"\" class=\"wp-image-1100\" srcset=\"https:\/\/schuelerheim-hoechstaedt.de\/wp-content\/uploads\/2026\/04\/image-1.png 792w, https:\/\/schuelerheim-hoechstaedt.de\/wp-content\/uploads\/2026\/04\/image-1-252x300.png 252w, https:\/\/schuelerheim-hoechstaedt.de\/wp-content\/uploads\/2026\/04\/image-1-768x912.png 768w\" sizes=\"auto, (max-width: 792px) 100vw, 792px\" \/><\/a><figcaption class=\"wp-element-caption\">K\u00fcchenhelferin Jacqueline Schmid<\/figcaption><\/figure>\n\n\n\n<figure class=\"wp-block-image size-full is-style-rounded\"><img loading=\"lazy\" decoding=\"async\" width=\"1440\" height=\"2560\" data-id=\"1115\" src=\"https:\/\/schuelerheim-hoechstaedt.de\/wp-content\/uploads\/2026\/04\/PXL_20260312_110606836-scaled.jpg\" alt=\"\" class=\"wp-image-1115\" srcset=\"https:\/\/schuelerheim-hoechstaedt.de\/wp-content\/uploads\/2026\/04\/PXL_20260312_110606836-scaled.jpg 1440w, https:\/\/schuelerheim-hoechstaedt.de\/wp-content\/uploads\/2026\/04\/PXL_20260312_110606836-169x300.jpg 169w, https:\/\/schuelerheim-hoechstaedt.de\/wp-content\/uploads\/2026\/04\/PXL_20260312_110606836-576x1024.jpg 576w, https:\/\/schuelerheim-hoechstaedt.de\/wp-content\/uploads\/2026\/04\/PXL_20260312_110606836-768x1365.jpg 768w, https:\/\/schuelerheim-hoechstaedt.de\/wp-content\/uploads\/2026\/04\/PXL_20260312_110606836-864x1536.jpg 864w, https:\/\/schuelerheim-hoechstaedt.de\/wp-content\/uploads\/2026\/04\/PXL_20260312_110606836-1152x2048.jpg 1152w\" sizes=\"auto, (max-width: 1440px) 100vw, 1440px\" \/><figcaption class=\"wp-element-caption\">K\u00fcchenhelferin Sopieh Nie\u00df<\/figcaption><\/figure>\n\n\n\n<figure class=\"wp-block-image size-full is-style-rounded\"><a href=\"https:\/\/schuelerheim-hoechstaedt.de\/wp-content\/uploads\/2026\/04\/PXL_20260224_145531251-scaled.jpg\"><img loading=\"lazy\" decoding=\"async\" width=\"1440\" height=\"2560\" data-id=\"1102\" src=\"https:\/\/schuelerheim-hoechstaedt.de\/wp-content\/uploads\/2026\/04\/PXL_20260224_145531251-scaled.jpg\" alt=\"\" class=\"wp-image-1102\" srcset=\"https:\/\/schuelerheim-hoechstaedt.de\/wp-content\/uploads\/2026\/04\/PXL_20260224_145531251-scaled.jpg 1440w, https:\/\/schuelerheim-hoechstaedt.de\/wp-content\/uploads\/2026\/04\/PXL_20260224_145531251-169x300.jpg 169w, https:\/\/schuelerheim-hoechstaedt.de\/wp-content\/uploads\/2026\/04\/PXL_20260224_145531251-576x1024.jpg 576w, https:\/\/schuelerheim-hoechstaedt.de\/wp-content\/uploads\/2026\/04\/PXL_20260224_145531251-768x1365.jpg 768w, https:\/\/schuelerheim-hoechstaedt.de\/wp-content\/uploads\/2026\/04\/PXL_20260224_145531251-864x1536.jpg 864w, https:\/\/schuelerheim-hoechstaedt.de\/wp-content\/uploads\/2026\/04\/PXL_20260224_145531251-1152x2048.jpg 1152w\" sizes=\"auto, (max-width: 1440px) 100vw, 1440px\" \/><\/a><figcaption class=\"wp-element-caption\">K\u00fcchenhelferin Bukurie Qorolli<\/figcaption><\/figure>\n<\/figure>\n\n\n\n<p><\/p>\n\n\n\n<hr class=\"wp-block-separator has-text-color has-vivid-red-color has-css-opacity has-vivid-red-background-color has-background is-style-wide\"\/>\n\n\n\n<h3 class=\"wp-block-heading\">Regional, saisonal und frisch \u2013 was und wo wir einkaufen<\/h3>\n\n\n\n<p>Regionaler Einkauf in und um H\u00f6chst\u00e4dt ist f\u00fcr uns eine Selbstverst\u00e4ndlichkeit:<\/p>\n\n\n\n<ul class=\"wp-block-list\">\n<li>Das Wohlf\u00fchlschwein kommt vom Baderhof in Schretzheim<\/li>\n\n\n\n<li>Wir verwenden f\u00fcr unsere selbstgemachten Sp\u00e4tzle, Speisen und Backwaren nur Dinkelmehl aus der Vogt-M\u00fchle in Steinheim<\/li>\n\n\n\n<li>Obst und Gem\u00fcse kommen von Fr\u00fcchte Kreis in Dillingen und Fruchthof Ehinger in Augsburg<\/li>\n\n\n\n<li>Das Fleich aus artgerechter Tierhaltung, herkunfts- und qualit\u00e4tsgepr\u00fcft, beziehen wir bei der Metzgerei Starrock in Dillingen<\/li>\n\n\n\n<li>F\u00fcr unser hausgemachtes Kartoffelp\u00fcree verwenden wir Kartoffeln vom Hofladen Maier in Kallm\u00fcnz<\/li>\n\n\n\n<li>Fisch: empfohlene Seefischarten aus biologischen, heimischen Aquakulturen<\/li>\n\n\n\n<li>Saisonal: Salat und Gem\u00fcse gibt es nur der regionalen Jahreszeit entsprechend<\/li>\n\n\n\n<li>Unsere Produkte sind frei von Hefeextrakten und Geschmacksverst\u00e4rkern<\/li>\n<\/ul>\n\n\n\n<figure class=\"wp-block-gallery has-nested-images columns-5 is-cropped wp-block-gallery-3 is-layout-flex wp-block-gallery-is-layout-flex\">\n<figure class=\"wp-block-image size-full\"><a href=\"https:\/\/schuelerheim-hoechstaedt.de\/wp-content\/uploads\/2021\/03\/Bio-Siegel.jpg\"><img loading=\"lazy\" decoding=\"async\" width=\"960\" height=\"540\" data-id=\"234\" src=\"https:\/\/baustelle.schuelerheim-hoechstaedt.de\/wp-content\/uploads\/2021\/03\/Bio-Siegel.jpg\" alt=\"\" class=\"wp-image-234\" srcset=\"https:\/\/schuelerheim-hoechstaedt.de\/wp-content\/uploads\/2021\/03\/Bio-Siegel.jpg 960w, https:\/\/schuelerheim-hoechstaedt.de\/wp-content\/uploads\/2021\/03\/Bio-Siegel-300x169.jpg 300w, https:\/\/schuelerheim-hoechstaedt.de\/wp-content\/uploads\/2021\/03\/Bio-Siegel-768x432.jpg 768w\" sizes=\"auto, (max-width: 960px) 100vw, 960px\" \/><\/a><\/figure>\n\n\n\n<figure class=\"wp-block-image size-full\"><a href=\"https:\/\/schuelerheim-hoechstaedt.de\/wp-content\/uploads\/2021\/03\/Veggie-Burger-mit-Pommes-1.jpg\"><img loading=\"lazy\" decoding=\"async\" width=\"1200\" height=\"1798\" data-id=\"241\" src=\"https:\/\/baustelle.schuelerheim-hoechstaedt.de\/wp-content\/uploads\/2021\/03\/Veggie-Burger-mit-Pommes-1.jpg\" alt=\"\" class=\"wp-image-241\" srcset=\"https:\/\/schuelerheim-hoechstaedt.de\/wp-content\/uploads\/2021\/03\/Veggie-Burger-mit-Pommes-1.jpg 1200w, https:\/\/schuelerheim-hoechstaedt.de\/wp-content\/uploads\/2021\/03\/Veggie-Burger-mit-Pommes-1-200x300.jpg 200w, https:\/\/schuelerheim-hoechstaedt.de\/wp-content\/uploads\/2021\/03\/Veggie-Burger-mit-Pommes-1-683x1024.jpg 683w, https:\/\/schuelerheim-hoechstaedt.de\/wp-content\/uploads\/2021\/03\/Veggie-Burger-mit-Pommes-1-768x1151.jpg 768w, https:\/\/schuelerheim-hoechstaedt.de\/wp-content\/uploads\/2021\/03\/Veggie-Burger-mit-Pommes-1-1025x1536.jpg 1025w\" sizes=\"auto, (max-width: 1200px) 100vw, 1200px\" \/><\/a><\/figure>\n\n\n\n<figure class=\"wp-block-image size-full\"><a href=\"https:\/\/schuelerheim-hoechstaedt.de\/wp-content\/uploads\/2021\/03\/Navitas_Poster_Wohlfuehlschwein_A4-scaled.jpg\"><img loading=\"lazy\" decoding=\"async\" width=\"1809\" height=\"2560\" data-id=\"237\" src=\"https:\/\/baustelle.schuelerheim-hoechstaedt.de\/wp-content\/uploads\/2021\/03\/Navitas_Poster_Wohlfuehlschwein_A4-scaled.jpg\" alt=\"\" class=\"wp-image-237\" srcset=\"https:\/\/schuelerheim-hoechstaedt.de\/wp-content\/uploads\/2021\/03\/Navitas_Poster_Wohlfuehlschwein_A4-scaled.jpg 1809w, https:\/\/schuelerheim-hoechstaedt.de\/wp-content\/uploads\/2021\/03\/Navitas_Poster_Wohlfuehlschwein_A4-212x300.jpg 212w, https:\/\/schuelerheim-hoechstaedt.de\/wp-content\/uploads\/2021\/03\/Navitas_Poster_Wohlfuehlschwein_A4-724x1024.jpg 724w, https:\/\/schuelerheim-hoechstaedt.de\/wp-content\/uploads\/2021\/03\/Navitas_Poster_Wohlfuehlschwein_A4-768x1087.jpg 768w, https:\/\/schuelerheim-hoechstaedt.de\/wp-content\/uploads\/2021\/03\/Navitas_Poster_Wohlfuehlschwein_A4-1085x1536.jpg 1085w, https:\/\/schuelerheim-hoechstaedt.de\/wp-content\/uploads\/2021\/03\/Navitas_Poster_Wohlfuehlschwein_A4-1447x2048.jpg 1447w\" sizes=\"auto, (max-width: 1809px) 100vw, 1809px\" \/><\/a><\/figure>\n\n\n\n<figure class=\"wp-block-image size-full\"><a href=\"https:\/\/schuelerheim-hoechstaedt.de\/wp-content\/uploads\/2021\/03\/Navitas_Poster_Fit-in-den-Fruehling_A4-scaled.jpg\"><img loading=\"lazy\" decoding=\"async\" width=\"1809\" height=\"2560\" data-id=\"235\" src=\"https:\/\/baustelle.schuelerheim-hoechstaedt.de\/wp-content\/uploads\/2021\/03\/Navitas_Poster_Fit-in-den-Fruehling_A4-scaled.jpg\" alt=\"\" class=\"wp-image-235\" srcset=\"https:\/\/schuelerheim-hoechstaedt.de\/wp-content\/uploads\/2021\/03\/Navitas_Poster_Fit-in-den-Fruehling_A4-scaled.jpg 1809w, https:\/\/schuelerheim-hoechstaedt.de\/wp-content\/uploads\/2021\/03\/Navitas_Poster_Fit-in-den-Fruehling_A4-212x300.jpg 212w, https:\/\/schuelerheim-hoechstaedt.de\/wp-content\/uploads\/2021\/03\/Navitas_Poster_Fit-in-den-Fruehling_A4-724x1024.jpg 724w, https:\/\/schuelerheim-hoechstaedt.de\/wp-content\/uploads\/2021\/03\/Navitas_Poster_Fit-in-den-Fruehling_A4-768x1087.jpg 768w, https:\/\/schuelerheim-hoechstaedt.de\/wp-content\/uploads\/2021\/03\/Navitas_Poster_Fit-in-den-Fruehling_A4-1085x1536.jpg 1085w, https:\/\/schuelerheim-hoechstaedt.de\/wp-content\/uploads\/2021\/03\/Navitas_Poster_Fit-in-den-Fruehling_A4-1447x2048.jpg 1447w\" sizes=\"auto, (max-width: 1809px) 100vw, 1809px\" \/><\/a><\/figure>\n\n\n\n<figure class=\"wp-block-image size-full\"><a href=\"https:\/\/schuelerheim-hoechstaedt.de\/wp-content\/uploads\/2021\/03\/Navitas_Poster_Gockel.jpg\"><img loading=\"lazy\" decoding=\"async\" width=\"1772\" height=\"2509\" data-id=\"236\" src=\"https:\/\/baustelle.schuelerheim-hoechstaedt.de\/wp-content\/uploads\/2021\/03\/Navitas_Poster_Gockel.jpg\" alt=\"\" class=\"wp-image-236\" srcset=\"https:\/\/schuelerheim-hoechstaedt.de\/wp-content\/uploads\/2021\/03\/Navitas_Poster_Gockel.jpg 1772w, https:\/\/schuelerheim-hoechstaedt.de\/wp-content\/uploads\/2021\/03\/Navitas_Poster_Gockel-212x300.jpg 212w, https:\/\/schuelerheim-hoechstaedt.de\/wp-content\/uploads\/2021\/03\/Navitas_Poster_Gockel-723x1024.jpg 723w, https:\/\/schuelerheim-hoechstaedt.de\/wp-content\/uploads\/2021\/03\/Navitas_Poster_Gockel-768x1087.jpg 768w, https:\/\/schuelerheim-hoechstaedt.de\/wp-content\/uploads\/2021\/03\/Navitas_Poster_Gockel-1085x1536.jpg 1085w, https:\/\/schuelerheim-hoechstaedt.de\/wp-content\/uploads\/2021\/03\/Navitas_Poster_Gockel-1446x2048.jpg 1446w\" sizes=\"auto, (max-width: 1772px) 100vw, 1772px\" \/><\/a><\/figure>\n<\/figure>\n\n\n\n<hr class=\"wp-block-separator has-text-color has-vivid-red-color has-css-opacity has-vivid-red-background-color has-background is-style-wide\"\/>\n\n\n\n<figure class=\"wp-block-image size-full\"><img loading=\"lazy\" decoding=\"async\" width=\"1077\" height=\"748\" src=\"https:\/\/baustelle.schuelerheim-hoechstaedt.de\/wp-content\/uploads\/2021\/03\/Das-sind-wird.jpg\" alt=\"\" class=\"wp-image-220\" srcset=\"https:\/\/schuelerheim-hoechstaedt.de\/wp-content\/uploads\/2021\/03\/Das-sind-wird.jpg 1077w, https:\/\/schuelerheim-hoechstaedt.de\/wp-content\/uploads\/2021\/03\/Das-sind-wird-300x208.jpg 300w, https:\/\/schuelerheim-hoechstaedt.de\/wp-content\/uploads\/2021\/03\/Das-sind-wird-1024x711.jpg 1024w, https:\/\/schuelerheim-hoechstaedt.de\/wp-content\/uploads\/2021\/03\/Das-sind-wird-768x533.jpg 768w\" sizes=\"auto, (max-width: 1077px) 100vw, 1077px\" \/><\/figure>\n","protected":false},"excerpt":{"rendered":"<p>Navitas MENSA Echt nice! Gesund und Lecker essen in der Navitas-Mensa Seit September 2019 bewirten mein Team und ich die Sch\u00fclerinnen und Sch\u00fcler der Mensa des Sch\u00fclerheims H\u00f6chst\u00e4dt! Und Wie f\u00fcr alle, war auch f\u00fcr uns 2020 eine Herausforderung &#8211;<\/p>\n","protected":false},"author":1,"featured_media":0,"parent":0,"menu_order":0,"comment_status":"closed","ping_status":"closed","template":"","meta":{"footnotes":""},"class_list":["post-218","page","type-page","status-publish","hentry","","tg-column-two"],"_links":{"self":[{"href":"https:\/\/schuelerheim-hoechstaedt.de\/index.php\/wp-json\/wp\/v2\/pages\/218","targetHints":{"allow":["GET"]}}],"collection":[{"href":"https:\/\/schuelerheim-hoechstaedt.de\/index.php\/wp-json\/wp\/v2\/pages"}],"about":[{"href":"https:\/\/schuelerheim-hoechstaedt.de\/index.php\/wp-json\/wp\/v2\/types\/page"}],"author":[{"embeddable":true,"href":"https:\/\/schuelerheim-hoechstaedt.de\/index.php\/wp-json\/wp\/v2\/users\/1"}],"replies":[{"embeddable":true,"href":"https:\/\/schuelerheim-hoechstaedt.de\/index.php\/wp-json\/wp\/v2\/comments?post=218"}],"version-history":[{"count":28,"href":"https:\/\/schuelerheim-hoechstaedt.de\/index.php\/wp-json\/wp\/v2\/pages\/218\/revisions"}],"predecessor-version":[{"id":1116,"href":"https:\/\/schuelerheim-hoechstaedt.de\/index.php\/wp-json\/wp\/v2\/pages\/218\/revisions\/1116"}],"wp:attachment":[{"href":"https:\/\/schuelerheim-hoechstaedt.de\/index.php\/wp-json\/wp\/v2\/media?parent=218"}],"curies":[{"name":"wp","href":"https:\/\/api.w.org\/{rel}","templated":true}]}}