{"id":34,"date":"2020-09-18T10:00:48","date_gmt":"2020-09-18T10:00:48","guid":{"rendered":"https:\/\/baustelle.schuelerheim-hoechstaedt.de\/?page_id=34"},"modified":"2026-02-11T17:06:49","modified_gmt":"2026-02-11T17:06:49","slug":"team","status":"publish","type":"page","link":"https:\/\/schuelerheim-hoechstaedt.de\/index.php\/team\/","title":{"rendered":"Team"},"content":{"rendered":"\n<div class=\"wp-block-cover alignwide\"><img loading=\"lazy\" decoding=\"async\" width=\"2560\" height=\"1920\" class=\"wp-block-cover__image-background wp-image-1025\" alt=\"\" src=\"https:\/\/schuelerheim-hoechstaedt.de\/wp-content\/uploads\/2025\/09\/WhatsApp-Image-2025-07-31-at-13.38.16-2-scaled.webp\" data-object-fit=\"cover\" srcset=\"https:\/\/schuelerheim-hoechstaedt.de\/wp-content\/uploads\/2025\/09\/WhatsApp-Image-2025-07-31-at-13.38.16-2-scaled.webp 2560w, https:\/\/schuelerheim-hoechstaedt.de\/wp-content\/uploads\/2025\/09\/WhatsApp-Image-2025-07-31-at-13.38.16-2-300x225.webp 300w, https:\/\/schuelerheim-hoechstaedt.de\/wp-content\/uploads\/2025\/09\/WhatsApp-Image-2025-07-31-at-13.38.16-2-1024x768.webp 1024w, https:\/\/schuelerheim-hoechstaedt.de\/wp-content\/uploads\/2025\/09\/WhatsApp-Image-2025-07-31-at-13.38.16-2-768x576.webp 768w, https:\/\/schuelerheim-hoechstaedt.de\/wp-content\/uploads\/2025\/09\/WhatsApp-Image-2025-07-31-at-13.38.16-2-1536x1152.webp 1536w, https:\/\/schuelerheim-hoechstaedt.de\/wp-content\/uploads\/2025\/09\/WhatsApp-Image-2025-07-31-at-13.38.16-2-2048x1536.webp 2048w\" sizes=\"auto, (max-width: 2560px) 100vw, 2560px\" \/><span aria-hidden=\"true\" class=\"wp-block-cover__background has-background-dim-10 has-background-dim\"><\/span><div class=\"wp-block-cover__inner-container is-layout-flow wp-block-cover-is-layout-flow\">\n<p class=\"has-text-align-center has-large-font-size\"><\/p>\n<\/div><\/div>\n\n\n\n<p class=\"has-text-align-center\">Im Sch\u00fclerheim H\u00f6chst\u00e4dt sind Mitarbeiter:innen in verschiedenen Arbeitsbereichen besch\u00e4ftigt.<br><br>Zur besseren \u00dcbersicht k\u00f6nnen Sie hier unser <a href=\"https:\/\/schuelerheim-hoechstaedt.de\/wp-content\/uploads\/2025\/09\/Organigramm-08.09.2025.pdf\" target=\"_blank\" rel=\"noreferrer noopener\">Organigramm<\/a>(PDF) herunterladen.<br>Die P\u00e4dagog:innen sind die ersten Ansprechpartner:innen in allen Fragen bez\u00fcglich des Alltags im Wohnheim.<br><br>Das K\u00fcchenteam k\u00fcmmert sich um die Verpflegung.<br>Das Hauspersonal ist f\u00fcr alle Bereiche der Instandhaltung und Pflege des Hauses zust\u00e4ndig.<br><br>Den Anordnungen des gesamten Personals ist Folge zu leisten.<\/p>\n\n\n\n<hr class=\"wp-block-separator has-css-opacity\"\/>\n\n\n\n<h2 class=\"wp-block-heading\">Unser P\u00e4dagogisches Team<\/h2>\n\n\n\n<div class=\"wp-block-group\"><div class=\"wp-block-group__inner-container is-layout-constrained wp-block-group-is-layout-constrained\">\n<figure class=\"wp-block-gallery has-nested-images columns-4 is-cropped wp-block-gallery-1 is-layout-flex wp-block-gallery-is-layout-flex\">\n<figure class=\"wp-block-image size-large is-style-rounded\"><img loading=\"lazy\" decoding=\"async\" width=\"682\" height=\"1024\" data-id=\"964\" src=\"https:\/\/schuelerheim-hoechstaedt.de\/wp-content\/uploads\/2025\/07\/Marcus-2-682x1024.jpg\" alt=\"\" class=\"wp-image-964\" srcset=\"https:\/\/schuelerheim-hoechstaedt.de\/wp-content\/uploads\/2025\/07\/Marcus-2-682x1024.jpg 682w, https:\/\/schuelerheim-hoechstaedt.de\/wp-content\/uploads\/2025\/07\/Marcus-2-200x300.jpg 200w, https:\/\/schuelerheim-hoechstaedt.de\/wp-content\/uploads\/2025\/07\/Marcus-2-768x1152.jpg 768w, https:\/\/schuelerheim-hoechstaedt.de\/wp-content\/uploads\/2025\/07\/Marcus-2-1024x1536.jpg 1024w, https:\/\/schuelerheim-hoechstaedt.de\/wp-content\/uploads\/2025\/07\/Marcus-2-1365x2048.jpg 1365w, https:\/\/schuelerheim-hoechstaedt.de\/wp-content\/uploads\/2025\/07\/Marcus-2.jpg 1706w\" sizes=\"auto, (max-width: 682px) 100vw, 682px\" \/><figcaption class=\"wp-element-caption\">M<strong>arcus Hamacher<br>Heimleitung<br>Soziale Arbeit (B.A.)<\/strong><br><\/figcaption><\/figure>\n\n\n\n<figure class=\"wp-block-image size-large is-style-rounded\"><a href=\"https:\/\/schuelerheim-hoechstaedt.de\/wp-content\/uploads\/2024\/09\/Dany.jpg\"><img loading=\"lazy\" decoding=\"async\" width=\"810\" height=\"1024\" data-id=\"841\" src=\"https:\/\/schuelerheim-hoechstaedt.de\/wp-content\/uploads\/2024\/09\/Dany-810x1024.jpg\" alt=\"\" class=\"wp-image-841\" srcset=\"https:\/\/schuelerheim-hoechstaedt.de\/wp-content\/uploads\/2024\/09\/Dany-810x1024.jpg 810w, https:\/\/schuelerheim-hoechstaedt.de\/wp-content\/uploads\/2024\/09\/Dany-237x300.jpg 237w, https:\/\/schuelerheim-hoechstaedt.de\/wp-content\/uploads\/2024\/09\/Dany-768x970.jpg 768w, https:\/\/schuelerheim-hoechstaedt.de\/wp-content\/uploads\/2024\/09\/Dany.jpg 1013w\" sizes=\"auto, (max-width: 810px) 100vw, 810px\" \/><\/a><figcaption class=\"wp-element-caption\"><strong>Daniela Scheurle <br>st\u00e4ndige stellv. Heimleitung <br>Erzieherin<\/strong><\/figcaption><\/figure>\n\n\n\n<figure class=\"wp-block-image size-large is-style-rounded\"><a href=\"https:\/\/schuelerheim-hoechstaedt.de\/wp-content\/uploads\/2024\/09\/Katrin-1.jpg\"><img loading=\"lazy\" decoding=\"async\" width=\"810\" height=\"1024\" data-id=\"848\" src=\"https:\/\/schuelerheim-hoechstaedt.de\/wp-content\/uploads\/2024\/09\/Katrin-1-810x1024.jpg\" alt=\"\" class=\"wp-image-848\" srcset=\"https:\/\/schuelerheim-hoechstaedt.de\/wp-content\/uploads\/2024\/09\/Katrin-1-810x1024.jpg 810w, https:\/\/schuelerheim-hoechstaedt.de\/wp-content\/uploads\/2024\/09\/Katrin-1-237x300.jpg 237w, https:\/\/schuelerheim-hoechstaedt.de\/wp-content\/uploads\/2024\/09\/Katrin-1-768x970.jpg 768w, https:\/\/schuelerheim-hoechstaedt.de\/wp-content\/uploads\/2024\/09\/Katrin-1.jpg 1013w\" sizes=\"auto, (max-width: 810px) 100vw, 810px\" \/><\/a><figcaption class=\"wp-element-caption\"><strong>Katrin Willetal<br>Erzieherin<\/strong><\/figcaption><\/figure>\n\n\n\n<figure class=\"wp-block-image size-large is-style-rounded\"><a href=\"https:\/\/schuelerheim-hoechstaedt.de\/wp-content\/uploads\/2025\/04\/Homepage-Moritz-scaled.jpg\"><img loading=\"lazy\" decoding=\"async\" width=\"683\" height=\"1024\" data-id=\"951\" src=\"https:\/\/schuelerheim-hoechstaedt.de\/wp-content\/uploads\/2025\/04\/Homepage-Moritz-683x1024.jpg\" alt=\"\" class=\"wp-image-951\" srcset=\"https:\/\/schuelerheim-hoechstaedt.de\/wp-content\/uploads\/2025\/04\/Homepage-Moritz-683x1024.jpg 683w, https:\/\/schuelerheim-hoechstaedt.de\/wp-content\/uploads\/2025\/04\/Homepage-Moritz-200x300.jpg 200w, https:\/\/schuelerheim-hoechstaedt.de\/wp-content\/uploads\/2025\/04\/Homepage-Moritz-768x1152.jpg 768w, https:\/\/schuelerheim-hoechstaedt.de\/wp-content\/uploads\/2025\/04\/Homepage-Moritz-1024x1536.jpg 1024w, https:\/\/schuelerheim-hoechstaedt.de\/wp-content\/uploads\/2025\/04\/Homepage-Moritz-1365x2048.jpg 1365w, https:\/\/schuelerheim-hoechstaedt.de\/wp-content\/uploads\/2025\/04\/Homepage-Moritz-scaled.jpg 1706w\" sizes=\"auto, (max-width: 683px) 100vw, 683px\" \/><\/a><figcaption class=\"wp-element-caption\"><strong>Moritz Kral<br>Soziale Arbeit (B.A.)<br><\/strong><\/figcaption><\/figure>\n\n\n\n<figure class=\"wp-block-image size-large is-style-rounded\"><a href=\"https:\/\/schuelerheim-hoechstaedt.de\/wp-content\/uploads\/2024\/09\/Emel-1.jpg\"><img loading=\"lazy\" decoding=\"async\" width=\"810\" height=\"1024\" data-id=\"860\" src=\"https:\/\/schuelerheim-hoechstaedt.de\/wp-content\/uploads\/2024\/09\/Emel-1-810x1024.jpg\" alt=\"\" class=\"wp-image-860\" srcset=\"https:\/\/schuelerheim-hoechstaedt.de\/wp-content\/uploads\/2024\/09\/Emel-1-810x1024.jpg 810w, https:\/\/schuelerheim-hoechstaedt.de\/wp-content\/uploads\/2024\/09\/Emel-1-237x300.jpg 237w, https:\/\/schuelerheim-hoechstaedt.de\/wp-content\/uploads\/2024\/09\/Emel-1-768x970.jpg 768w, https:\/\/schuelerheim-hoechstaedt.de\/wp-content\/uploads\/2024\/09\/Emel-1.jpg 1013w\" sizes=\"auto, (max-width: 810px) 100vw, 810px\" \/><\/a><figcaption class=\"wp-element-caption\"><strong>Emel \u00dcnsal<br>Erzieherin<\/strong><br><\/figcaption><\/figure>\n\n\n\n<figure class=\"wp-block-image size-full is-style-rounded\"><a href=\"https:\/\/schuelerheim-hoechstaedt.de\/wp-content\/uploads\/2025\/09\/20250910_145907-1.jpg\"><img loading=\"lazy\" decoding=\"async\" width=\"1679\" height=\"2059\" data-id=\"1035\" src=\"https:\/\/schuelerheim-hoechstaedt.de\/wp-content\/uploads\/2025\/09\/20250910_145907-1.jpg\" alt=\"\" class=\"wp-image-1035\" srcset=\"https:\/\/schuelerheim-hoechstaedt.de\/wp-content\/uploads\/2025\/09\/20250910_145907-1.jpg 1679w, https:\/\/schuelerheim-hoechstaedt.de\/wp-content\/uploads\/2025\/09\/20250910_145907-1-245x300.jpg 245w, https:\/\/schuelerheim-hoechstaedt.de\/wp-content\/uploads\/2025\/09\/20250910_145907-1-835x1024.jpg 835w, https:\/\/schuelerheim-hoechstaedt.de\/wp-content\/uploads\/2025\/09\/20250910_145907-1-768x942.jpg 768w, https:\/\/schuelerheim-hoechstaedt.de\/wp-content\/uploads\/2025\/09\/20250910_145907-1-1253x1536.jpg 1253w, https:\/\/schuelerheim-hoechstaedt.de\/wp-content\/uploads\/2025\/09\/20250910_145907-1-1670x2048.jpg 1670w\" sizes=\"auto, (max-width: 1679px) 100vw, 1679px\" \/><\/a><figcaption class=\"wp-element-caption\"><strong>Karolin W\u00f6rner<br>Erzieherin<br><\/strong><\/figcaption><\/figure>\n\n\n\n<figure class=\"wp-block-image size-full is-style-rounded\"><a href=\"https:\/\/schuelerheim-hoechstaedt.de\/wp-content\/uploads\/2025\/09\/20250910_144917-3.jpg\"><img loading=\"lazy\" decoding=\"async\" width=\"1434\" height=\"2194\" data-id=\"1049\" src=\"https:\/\/schuelerheim-hoechstaedt.de\/wp-content\/uploads\/2025\/09\/20250910_144917-3.jpg\" alt=\"\" class=\"wp-image-1049\" srcset=\"https:\/\/schuelerheim-hoechstaedt.de\/wp-content\/uploads\/2025\/09\/20250910_144917-3.jpg 1434w, https:\/\/schuelerheim-hoechstaedt.de\/wp-content\/uploads\/2025\/09\/20250910_144917-3-196x300.jpg 196w, https:\/\/schuelerheim-hoechstaedt.de\/wp-content\/uploads\/2025\/09\/20250910_144917-3-669x1024.jpg 669w, https:\/\/schuelerheim-hoechstaedt.de\/wp-content\/uploads\/2025\/09\/20250910_144917-3-768x1175.jpg 768w, https:\/\/schuelerheim-hoechstaedt.de\/wp-content\/uploads\/2025\/09\/20250910_144917-3-1004x1536.jpg 1004w, https:\/\/schuelerheim-hoechstaedt.de\/wp-content\/uploads\/2025\/09\/20250910_144917-3-1339x2048.jpg 1339w\" sizes=\"auto, (max-width: 1434px) 100vw, 1434px\" \/><\/a><figcaption class=\"wp-element-caption\"><strong>Kim Bishop<br>Erzieherin<br><\/strong><\/figcaption><\/figure>\n\n\n\n<figure class=\"wp-block-image size-full is-style-rounded\"><a href=\"https:\/\/schuelerheim-hoechstaedt.de\/wp-content\/uploads\/2025\/09\/20250910_144851-1-scaled.jpg\"><img loading=\"lazy\" decoding=\"async\" width=\"1727\" height=\"2560\" data-id=\"1051\" src=\"https:\/\/schuelerheim-hoechstaedt.de\/wp-content\/uploads\/2025\/09\/20250910_144851-1-scaled.jpg\" alt=\"\" class=\"wp-image-1051\" srcset=\"https:\/\/schuelerheim-hoechstaedt.de\/wp-content\/uploads\/2025\/09\/20250910_144851-1-scaled.jpg 1727w, https:\/\/schuelerheim-hoechstaedt.de\/wp-content\/uploads\/2025\/09\/20250910_144851-1-202x300.jpg 202w, https:\/\/schuelerheim-hoechstaedt.de\/wp-content\/uploads\/2025\/09\/20250910_144851-1-691x1024.jpg 691w, https:\/\/schuelerheim-hoechstaedt.de\/wp-content\/uploads\/2025\/09\/20250910_144851-1-768x1139.jpg 768w, https:\/\/schuelerheim-hoechstaedt.de\/wp-content\/uploads\/2025\/09\/20250910_144851-1-1036x1536.jpg 1036w, https:\/\/schuelerheim-hoechstaedt.de\/wp-content\/uploads\/2025\/09\/20250910_144851-1-1381x2048.jpg 1381w\" sizes=\"auto, (max-width: 1727px) 100vw, 1727px\" \/><\/a><figcaption class=\"wp-element-caption\"><strong>Timo Sandner<br>Berufspraktikant<br><\/strong><\/figcaption><\/figure>\n\n\n<div class=\"wp-block-image is-style-rounded\">\n<figure class=\"alignleft size-full\"><img loading=\"lazy\" decoding=\"async\" width=\"288\" height=\"484\" data-id=\"1079\" src=\"https:\/\/schuelerheim-hoechstaedt.de\/wp-content\/uploads\/2026\/02\/Screenshot-2026-02-11-164634-6.jpg\" alt=\"\" class=\"wp-image-1079\" srcset=\"https:\/\/schuelerheim-hoechstaedt.de\/wp-content\/uploads\/2026\/02\/Screenshot-2026-02-11-164634-6.jpg 288w, https:\/\/schuelerheim-hoechstaedt.de\/wp-content\/uploads\/2026\/02\/Screenshot-2026-02-11-164634-6-179x300.jpg 179w\" sizes=\"auto, (max-width: 288px) 100vw, 288px\" \/><figcaption class=\"wp-element-caption\"><strong>Sportlehrer J\u00fcrgen Gerzen<\/strong><\/figcaption><\/figure><\/div><\/figure>\n<\/div><\/div>\n\n\n\n<div class=\"wp-block-group\"><div class=\"wp-block-group__inner-container is-layout-flow wp-block-group-is-layout-flow\">\n<div class=\"wp-block-group\"><div class=\"wp-block-group__inner-container is-layout-flow wp-block-group-is-layout-flow\">\n<div class=\"wp-block-columns is-layout-flex wp-container-core-columns-is-layout-9d6595d7 wp-block-columns-is-layout-flex\">\n<div class=\"wp-block-column is-layout-flow wp-block-column-is-layout-flow\" style=\"flex-basis:100%\">\n<div class=\"wp-block-group\"><div class=\"wp-block-group__inner-container is-layout-flow wp-block-group-is-layout-flow\">\n<p><\/p>\n\n\n\n<p><\/p>\n\n\n\n<p><\/p>\n\n\n\n<p><\/p>\n\n\n\n<p><\/p>\n\n\n\n<p><\/p>\n\n\n\n<p><\/p>\n<\/div><\/div>\n\n\n\n<p><\/p>\n\n\n\n<p><\/p>\n\n\n\n<h2 class=\"wp-block-heading\">Hausmeisterteam und Sicherheitsdienst<\/h2>\n\n\n\n<div class=\"wp-block-group\"><div class=\"wp-block-group__inner-container is-layout-flow wp-block-group-is-layout-flow\">\n<div class=\"wp-block-columns is-layout-flex wp-container-core-columns-is-layout-9d6595d7 wp-block-columns-is-layout-flex\">\n<div class=\"wp-block-column is-layout-flow wp-block-column-is-layout-flow\">\n<figure class=\"wp-block-image size-large is-style-rounded\"><img loading=\"lazy\" decoding=\"async\" width=\"1024\" height=\"695\" src=\"https:\/\/schuelerheim-hoechstaedt.de\/wp-content\/uploads\/2026\/02\/Screenshot-2026-02-11-164534-8-1024x695.jpg\" alt=\"\" class=\"wp-image-1093\" srcset=\"https:\/\/schuelerheim-hoechstaedt.de\/wp-content\/uploads\/2026\/02\/Screenshot-2026-02-11-164534-8-1024x695.jpg 1024w, https:\/\/schuelerheim-hoechstaedt.de\/wp-content\/uploads\/2026\/02\/Screenshot-2026-02-11-164534-8-300x204.jpg 300w, https:\/\/schuelerheim-hoechstaedt.de\/wp-content\/uploads\/2026\/02\/Screenshot-2026-02-11-164534-8-768x521.jpg 768w, https:\/\/schuelerheim-hoechstaedt.de\/wp-content\/uploads\/2026\/02\/Screenshot-2026-02-11-164534-8.jpg 1198w\" sizes=\"auto, (max-width: 1024px) 100vw, 1024px\" \/><figcaption class=\"wp-element-caption\"><strong>Hausmeisterteam Tobias Stadler und stellv. Hausmeister im Sch\u00fclerheim Bernd Schmid<\/strong><\/figcaption><\/figure>\n<\/div>\n\n\n\n<div class=\"wp-block-column is-layout-flow wp-block-column-is-layout-flow\"><div class=\"wp-block-image is-style-rounded\">\n<figure class=\"aligncenter size-large is-resized\"><a href=\"https:\/\/schuelerheim-hoechstaedt.de\/wp-content\/uploads\/2025\/07\/Kurt-scaled.jpg\"><img loading=\"lazy\" decoding=\"async\" width=\"763\" height=\"1024\" src=\"https:\/\/schuelerheim-hoechstaedt.de\/wp-content\/uploads\/2025\/07\/Kurt-763x1024.jpg\" alt=\"\" class=\"wp-image-981\" style=\"aspect-ratio:0.6666666666666666;object-fit:cover;width:324px;height:auto\" srcset=\"https:\/\/schuelerheim-hoechstaedt.de\/wp-content\/uploads\/2025\/07\/Kurt-763x1024.jpg 763w, https:\/\/schuelerheim-hoechstaedt.de\/wp-content\/uploads\/2025\/07\/Kurt-224x300.jpg 224w, https:\/\/schuelerheim-hoechstaedt.de\/wp-content\/uploads\/2025\/07\/Kurt-768x1031.jpg 768w, https:\/\/schuelerheim-hoechstaedt.de\/wp-content\/uploads\/2025\/07\/Kurt-1144x1536.jpg 1144w, https:\/\/schuelerheim-hoechstaedt.de\/wp-content\/uploads\/2025\/07\/Kurt-1526x2048.jpg 1526w, https:\/\/schuelerheim-hoechstaedt.de\/wp-content\/uploads\/2025\/07\/Kurt-scaled.jpg 1907w\" sizes=\"auto, (max-width: 763px) 100vw, 763px\" \/><\/a><figcaption class=\"wp-element-caption\"><strong>Kurt Semmernegg <br>Sicherheitsdienst f\u00fcr die Nachtbereitschaft<\/strong><\/figcaption><\/figure><\/div><\/div>\n<\/div>\n\n\n\n<h2 class=\"wp-block-heading\"><\/h2>\n<\/div><\/div>\n<\/div>\n<\/div>\n<\/div><\/div>\n\n\n\n<p><\/p>\n<\/div><\/div>\n\n\n\n<p><\/p>\n","protected":false},"excerpt":{"rendered":"<p>Im Sch\u00fclerheim H\u00f6chst\u00e4dt sind 16 Mitarbeiterinnen und Mitarbeiter in verschiedenen Arbeitsbereichen besch\u00e4ftigt.<\/p>\n","protected":false},"author":1,"featured_media":85,"parent":0,"menu_order":0,"comment_status":"closed","ping_status":"closed","template":"","meta":{"footnotes":""},"class_list":["post-34","page","type-page","status-publish","has-post-thumbnail","hentry","","tg-column-two"],"_links":{"self":[{"href":"https:\/\/schuelerheim-hoechstaedt.de\/index.php\/wp-json\/wp\/v2\/pages\/34","targetHints":{"allow":["GET"]}}],"collection":[{"href":"https:\/\/schuelerheim-hoechstaedt.de\/index.php\/wp-json\/wp\/v2\/pages"}],"about":[{"href":"https:\/\/schuelerheim-hoechstaedt.de\/index.php\/wp-json\/wp\/v2\/types\/page"}],"author":[{"embeddable":true,"href":"https:\/\/schuelerheim-hoechstaedt.de\/index.php\/wp-json\/wp\/v2\/users\/1"}],"replies":[{"embeddable":true,"href":"https:\/\/schuelerheim-hoechstaedt.de\/index.php\/wp-json\/wp\/v2\/comments?post=34"}],"version-history":[{"count":90,"href":"https:\/\/schuelerheim-hoechstaedt.de\/index.php\/wp-json\/wp\/v2\/pages\/34\/revisions"}],"predecessor-version":[{"id":1094,"href":"https:\/\/schuelerheim-hoechstaedt.de\/index.php\/wp-json\/wp\/v2\/pages\/34\/revisions\/1094"}],"wp:featuredmedia":[{"embeddable":true,"href":"https:\/\/schuelerheim-hoechstaedt.de\/index.php\/wp-json\/wp\/v2\/media\/85"}],"wp:attachment":[{"href":"https:\/\/schuelerheim-hoechstaedt.de\/index.php\/wp-json\/wp\/v2\/media?parent=34"}],"curies":[{"name":"wp","href":"https:\/\/api.w.org\/{rel}","templated":true}]}}