{"id":39,"date":"2020-09-18T10:04:54","date_gmt":"2020-09-18T10:04:54","guid":{"rendered":"https:\/\/baustelle.schuelerheim-hoechstaedt.de\/?page_id=39"},"modified":"2021-07-23T08:51:26","modified_gmt":"2021-07-23T08:51:26","slug":"haus","status":"publish","type":"page","link":"https:\/\/schuelerheim-hoechstaedt.de\/index.php\/haus\/","title":{"rendered":"Haus"},"content":{"rendered":"\n<p>Unser 2010 fertiggestelltes Sch\u00fclerheim verf\u00fcgt \u00fcber insgesamt 216 Betten, davon 184 im Haupthaus. Zudem gibt es ein etwas entfernt liegendes Haus mit mehreren Zimmern, das auch von uns genutzt wird. Hier werden ausschlie\u00dflich Vollj\u00e4hrige Sch\u00fcler untergebracht.<\/p>\n\n\n\n<p>Es ist uns ein Anliegen, eine angenehme Atmosph\u00e4re zu schaffen, in der Sie sich wohl f\u00fchlen, und somit auch gute Lernerfolge erzielen k\u00f6nnen.<\/p>\n\n\n\n<p>Dazu geh\u00f6ren neben den R\u00e4umlichkeiten des Hauses, das leibliche Wohl, ein vielf\u00e4ltiges Freizeitangebot und nutzbare Au\u00dfenbereiche zum Entspannen, lernen und Sport treiben.<\/p>\n\n\n\n<p>Unser p\u00e4dagogisches Personal ist Hauptansprechpartner in allen Belangen und immer zu den B\u00fcrozeiten f\u00fcr Sie erreichbar. Die Mitarbeiter sind an den \u00d6ffnungstagen, Sonntagabend bis Freitagvormittag, rund um die Uhr vor Ort.<\/p>\n\n\n\n<p>Aus organisatorischen Gr\u00fcnden ist eine Vorreservierung nicht m\u00f6glich, wir versuchen aber, W\u00fcnsche beim Einchecken zu ber\u00fccksichtigen.<\/p>\n\n\n\n<div style=\"height:47px\" aria-hidden=\"true\" class=\"wp-block-spacer\"><\/div>\n\n\n\n<p><\/p>\n\n\n\n<figure class=\"wp-block-gallery alignwide columns-4 is-cropped wp-block-gallery-1 is-layout-flex wp-block-gallery-is-layout-flex\"><ul class=\"blocks-gallery-grid\"><li class=\"blocks-gallery-item\"><figure><a href=\"https:\/\/baustelle.schuelerheim-hoechstaedt.de\/wp-content\/uploads\/2020\/09\/haus1-1.jpg\"><img loading=\"lazy\" decoding=\"async\" width=\"1000\" height=\"1499\" src=\"https:\/\/baustelle.schuelerheim-hoechstaedt.de\/wp-content\/uploads\/2020\/09\/haus1-1.jpg\" alt=\"\" data-id=\"99\" data-full-url=\"https:\/\/baustelle.schuelerheim-hoechstaedt.de\/wp-content\/uploads\/2020\/09\/haus1-1.jpg\" data-link=\"https:\/\/baustelle.schuelerheim-hoechstaedt.de\/index.php\/haus\/haus1-1\/\" class=\"wp-image-99\" srcset=\"https:\/\/schuelerheim-hoechstaedt.de\/wp-content\/uploads\/2020\/09\/haus1-1.jpg 1000w, https:\/\/schuelerheim-hoechstaedt.de\/wp-content\/uploads\/2020\/09\/haus1-1-200x300.jpg 200w, https:\/\/schuelerheim-hoechstaedt.de\/wp-content\/uploads\/2020\/09\/haus1-1-683x1024.jpg 683w, https:\/\/schuelerheim-hoechstaedt.de\/wp-content\/uploads\/2020\/09\/haus1-1-768x1151.jpg 768w\" sizes=\"auto, (max-width: 1000px) 100vw, 1000px\" \/><\/a><\/figure><\/li><li class=\"blocks-gallery-item\"><figure><a href=\"https:\/\/baustelle.schuelerheim-hoechstaedt.de\/wp-content\/uploads\/2020\/09\/haus2.jpg\"><img loading=\"lazy\" decoding=\"async\" width=\"1000\" height=\"667\" src=\"https:\/\/baustelle.schuelerheim-hoechstaedt.de\/wp-content\/uploads\/2020\/09\/haus2.jpg\" alt=\"\" data-id=\"100\" data-full-url=\"https:\/\/baustelle.schuelerheim-hoechstaedt.de\/wp-content\/uploads\/2020\/09\/haus2.jpg\" data-link=\"https:\/\/baustelle.schuelerheim-hoechstaedt.de\/index.php\/haus\/haus2\/\" class=\"wp-image-100\" srcset=\"https:\/\/schuelerheim-hoechstaedt.de\/wp-content\/uploads\/2020\/09\/haus2.jpg 1000w, https:\/\/schuelerheim-hoechstaedt.de\/wp-content\/uploads\/2020\/09\/haus2-300x200.jpg 300w, https:\/\/schuelerheim-hoechstaedt.de\/wp-content\/uploads\/2020\/09\/haus2-768x512.jpg 768w\" sizes=\"auto, (max-width: 1000px) 100vw, 1000px\" \/><\/a><\/figure><\/li><li class=\"blocks-gallery-item\"><figure><a href=\"https:\/\/baustelle.schuelerheim-hoechstaedt.de\/wp-content\/uploads\/2020\/09\/haus3.jpg\"><img loading=\"lazy\" decoding=\"async\" width=\"1000\" height=\"667\" src=\"https:\/\/baustelle.schuelerheim-hoechstaedt.de\/wp-content\/uploads\/2020\/09\/haus3.jpg\" alt=\"\" data-id=\"101\" data-full-url=\"https:\/\/baustelle.schuelerheim-hoechstaedt.de\/wp-content\/uploads\/2020\/09\/haus3.jpg\" data-link=\"https:\/\/baustelle.schuelerheim-hoechstaedt.de\/index.php\/haus\/haus3\/\" class=\"wp-image-101\" srcset=\"https:\/\/schuelerheim-hoechstaedt.de\/wp-content\/uploads\/2020\/09\/haus3.jpg 1000w, https:\/\/schuelerheim-hoechstaedt.de\/wp-content\/uploads\/2020\/09\/haus3-300x200.jpg 300w, https:\/\/schuelerheim-hoechstaedt.de\/wp-content\/uploads\/2020\/09\/haus3-768x512.jpg 768w\" sizes=\"auto, (max-width: 1000px) 100vw, 1000px\" \/><\/a><\/figure><\/li><li class=\"blocks-gallery-item\"><figure><a href=\"https:\/\/baustelle.schuelerheim-hoechstaedt.de\/wp-content\/uploads\/2020\/09\/haus4.jpg\"><img loading=\"lazy\" decoding=\"async\" width=\"1000\" height=\"667\" src=\"https:\/\/baustelle.schuelerheim-hoechstaedt.de\/wp-content\/uploads\/2020\/09\/haus4.jpg\" alt=\"\" data-id=\"102\" data-full-url=\"https:\/\/baustelle.schuelerheim-hoechstaedt.de\/wp-content\/uploads\/2020\/09\/haus4.jpg\" data-link=\"https:\/\/baustelle.schuelerheim-hoechstaedt.de\/index.php\/haus\/haus4\/\" class=\"wp-image-102\" srcset=\"https:\/\/schuelerheim-hoechstaedt.de\/wp-content\/uploads\/2020\/09\/haus4.jpg 1000w, https:\/\/schuelerheim-hoechstaedt.de\/wp-content\/uploads\/2020\/09\/haus4-300x200.jpg 300w, https:\/\/schuelerheim-hoechstaedt.de\/wp-content\/uploads\/2020\/09\/haus4-768x512.jpg 768w\" sizes=\"auto, (max-width: 1000px) 100vw, 1000px\" \/><\/a><\/figure><\/li><li class=\"blocks-gallery-item\"><figure><a href=\"https:\/\/baustelle.schuelerheim-hoechstaedt.de\/wp-content\/uploads\/2020\/09\/haus5.jpg\"><img loading=\"lazy\" decoding=\"async\" width=\"1000\" height=\"667\" src=\"https:\/\/baustelle.schuelerheim-hoechstaedt.de\/wp-content\/uploads\/2020\/09\/haus5.jpg\" alt=\"\" data-id=\"103\" data-full-url=\"https:\/\/baustelle.schuelerheim-hoechstaedt.de\/wp-content\/uploads\/2020\/09\/haus5.jpg\" data-link=\"https:\/\/baustelle.schuelerheim-hoechstaedt.de\/index.php\/haus\/haus5\/\" class=\"wp-image-103\" srcset=\"https:\/\/schuelerheim-hoechstaedt.de\/wp-content\/uploads\/2020\/09\/haus5.jpg 1000w, https:\/\/schuelerheim-hoechstaedt.de\/wp-content\/uploads\/2020\/09\/haus5-300x200.jpg 300w, https:\/\/schuelerheim-hoechstaedt.de\/wp-content\/uploads\/2020\/09\/haus5-768x512.jpg 768w\" sizes=\"auto, (max-width: 1000px) 100vw, 1000px\" \/><\/a><\/figure><\/li><li class=\"blocks-gallery-item\"><figure><a href=\"https:\/\/baustelle.schuelerheim-hoechstaedt.de\/wp-content\/uploads\/2020\/09\/haus6.jpg\"><img loading=\"lazy\" decoding=\"async\" width=\"1000\" height=\"562\" src=\"https:\/\/baustelle.schuelerheim-hoechstaedt.de\/wp-content\/uploads\/2020\/09\/haus6.jpg\" alt=\"\" data-id=\"104\" data-full-url=\"https:\/\/baustelle.schuelerheim-hoechstaedt.de\/wp-content\/uploads\/2020\/09\/haus6.jpg\" data-link=\"https:\/\/baustelle.schuelerheim-hoechstaedt.de\/index.php\/haus\/haus6\/\" class=\"wp-image-104\" srcset=\"https:\/\/schuelerheim-hoechstaedt.de\/wp-content\/uploads\/2020\/09\/haus6.jpg 1000w, https:\/\/schuelerheim-hoechstaedt.de\/wp-content\/uploads\/2020\/09\/haus6-300x169.jpg 300w, https:\/\/schuelerheim-hoechstaedt.de\/wp-content\/uploads\/2020\/09\/haus6-768x432.jpg 768w\" sizes=\"auto, (max-width: 1000px) 100vw, 1000px\" \/><\/a><\/figure><\/li><li class=\"blocks-gallery-item\"><figure><a href=\"https:\/\/baustelle.schuelerheim-hoechstaedt.de\/wp-content\/uploads\/2020\/09\/haus7.jpg\"><img loading=\"lazy\" decoding=\"async\" width=\"1000\" height=\"562\" src=\"https:\/\/baustelle.schuelerheim-hoechstaedt.de\/wp-content\/uploads\/2020\/09\/haus7.jpg\" alt=\"\" data-id=\"105\" data-full-url=\"https:\/\/baustelle.schuelerheim-hoechstaedt.de\/wp-content\/uploads\/2020\/09\/haus7.jpg\" data-link=\"https:\/\/baustelle.schuelerheim-hoechstaedt.de\/index.php\/haus\/haus7\/\" class=\"wp-image-105\" srcset=\"https:\/\/schuelerheim-hoechstaedt.de\/wp-content\/uploads\/2020\/09\/haus7.jpg 1000w, https:\/\/schuelerheim-hoechstaedt.de\/wp-content\/uploads\/2020\/09\/haus7-300x169.jpg 300w, https:\/\/schuelerheim-hoechstaedt.de\/wp-content\/uploads\/2020\/09\/haus7-768x432.jpg 768w\" sizes=\"auto, (max-width: 1000px) 100vw, 1000px\" \/><\/a><\/figure><\/li><\/ul><\/figure>\n\n\n\n<figure class=\"wp-block-video\"><video height=\"1080\" style=\"aspect-ratio: 1920 \/ 1080;\" width=\"1920\" controls preload=\"auto\" src=\"https:\/\/baustelle.schuelerheim-hoechstaedt.de\/wp-content\/uploads\/2021\/03\/Schuelerheim-Richtung-Berufsschule.mp4\"><\/video><\/figure>\n","protected":false},"excerpt":{"rendered":"<p>Unser Haus verf\u00fcgt insgesamt \u00fcber 208 Betten. Es ist uns ein Anliegen, eine Atmosph\u00e4re zu schaffen, in der man sich wohl f\u00fchlen, und somit auch gut lernen kann. <\/p>\n","protected":false},"author":1,"featured_media":87,"parent":0,"menu_order":0,"comment_status":"closed","ping_status":"closed","template":"","meta":{"footnotes":""},"class_list":["post-39","page","type-page","status-publish","has-post-thumbnail","hentry","","tg-column-two"],"_links":{"self":[{"href":"https:\/\/schuelerheim-hoechstaedt.de\/index.php\/wp-json\/wp\/v2\/pages\/39","targetHints":{"allow":["GET"]}}],"collection":[{"href":"https:\/\/schuelerheim-hoechstaedt.de\/index.php\/wp-json\/wp\/v2\/pages"}],"about":[{"href":"https:\/\/schuelerheim-hoechstaedt.de\/index.php\/wp-json\/wp\/v2\/types\/page"}],"author":[{"embeddable":true,"href":"https:\/\/schuelerheim-hoechstaedt.de\/index.php\/wp-json\/wp\/v2\/users\/1"}],"replies":[{"embeddable":true,"href":"https:\/\/schuelerheim-hoechstaedt.de\/index.php\/wp-json\/wp\/v2\/comments?post=39"}],"version-history":[{"count":12,"href":"https:\/\/schuelerheim-hoechstaedt.de\/index.php\/wp-json\/wp\/v2\/pages\/39\/revisions"}],"predecessor-version":[{"id":280,"href":"https:\/\/schuelerheim-hoechstaedt.de\/index.php\/wp-json\/wp\/v2\/pages\/39\/revisions\/280"}],"wp:featuredmedia":[{"embeddable":true,"href":"https:\/\/schuelerheim-hoechstaedt.de\/index.php\/wp-json\/wp\/v2\/media\/87"}],"wp:attachment":[{"href":"https:\/\/schuelerheim-hoechstaedt.de\/index.php\/wp-json\/wp\/v2\/media?parent=39"}],"curies":[{"name":"wp","href":"https:\/\/api.w.org\/{rel}","templated":true}]}}