{"id":61,"date":"2020-09-18T10:18:11","date_gmt":"2020-09-18T10:18:11","guid":{"rendered":"https:\/\/baustelle.schuelerheim-hoechstaedt.de\/?page_id=61"},"modified":"2021-07-23T09:26:06","modified_gmt":"2021-07-23T09:26:06","slug":"freizeitraeume","status":"publish","type":"page","link":"https:\/\/schuelerheim-hoechstaedt.de\/index.php\/freizeitraeume\/","title":{"rendered":"Freizeitr\u00e4ume"},"content":{"rendered":"\n<div class=\"wp-block-columns is-layout-flex wp-container-core-columns-is-layout-9d6595d7 wp-block-columns-is-layout-flex\">\n<div class=\"wp-block-column is-layout-flow wp-block-column-is-layout-flow\">\n<p class=\"has-text-color\" style=\"color:#265402\"><strong>Bibliothek<\/strong><\/p>\n\n\n\n<p>In der Bibliothek finden Sie ein gut sortiertes Angebot an Fachliteratur und Nachschlage- werke, nicht nur f\u00fcr Ihre Berufssparte. F\u00fcr die \u201eLeseratten\u201c unter Ihnen h\u00e4lt sie auch unterschiedlichste B\u00fccher f\u00fcr den Lesespa\u00df in der Freizeit bereit. Zwei Computer mit Internetzugang, die ebenfalls in der Bibliothek zur Verf\u00fcgung stehen, k\u00f6nnen Sie lernunterst\u00fctzend nutzen, um anstehende Aufgaben rund um die Schule zu erledigen und mit dem dort vorhandenen Drucker direkt ausdrucken. Der Tisch fasst bis zu 6 Personen, dadurch bietet er die perfekte Umgebung f\u00fcr Lerngruppen und auch Gruppenarbeit.<\/p>\n\n\n\n<p class=\"has-text-color\" style=\"color:#265402\"><strong>Fitnessraum<\/strong><\/p>\n\n\n\n<p>Unser Fitnessraum bietet eine solide Grundausstattung um vom Schultag abzuschalten und zum Ausgleich etwas f\u00fcr den K\u00f6rper zu tun. An der Hantelbank k\u00f6nnen Sie den Bizeps und Trizeps sowie den Schulter- und Brustbereich trainieren. Ein Fitnessturm mit diversen Funktionen erm\u00f6glicht Ihnen verschiedene Partien des K\u00f6rpers fit zu halten. F\u00fcr die \u201eKenner\u201c unter Ihnen steht f\u00fcr funktionelles Krafttraining ein Freihantelbereich bereit. Das Workout am Boxsack trainiert Ausdauer, Schnelligkeit, Konzentration, Reaktionsverm\u00f6gen, Koordination sowie Beweglichkeit. Der Multitrainer bietet zahlreiche Trainingsm\u00f6glichkeiten. Die Trainingseinheiten gegen die Schwerkraft fordern die Muskulatur auf ganz spezielle Weise, da das eigene K\u00f6rpergewicht mit der eigenen Muskelkraft gestemmt wird. F\u00fcr die Liebhaber von Pilates, Yoga und Co sind \u00dcbungsmatten vorhanden. Zubeh\u00f6r wie Boxhandschuhe, Bandagen und H\u00fcpfseile k\u00f6nnen im B\u00fcro ausgeliehen werden. Im Raum k\u00f6nnen Sie w\u00e4hrend des Trainings \u00fcber eine vorhandene Anlage Musik \u00fcber mitgebrachte CDs oder USB Datentr\u00e4gern h\u00f6ren, Bluetooth ist leider (noch) nicht m\u00f6glich.<\/p>\n\n\n\n<p class=\"has-text-color\" style=\"color:#265402\"><strong>Teek\u00fcchen<\/strong><\/p>\n\n\n\n<p>Die lichtdurchfluteten K\u00fcchen befinden sich auf der 1. und 2. Etage und sind mit einem Wasserkocher, einer Mikrowelle und einer Kochplatte ausgestattet. In der K\u00fcche sind alle n\u00f6tigen Utensilien vorhanden, um sich kleine Snacks oder Hei\u00dfgetr\u00e4nke zaubern zu k\u00f6nnen. F\u00fcr ein geselliges Beisammensein sind Tische und St\u00fchle in ausreichender Zahl vorhanden. Der Raum kann auch f\u00fcr Spieleabende oder Lerngruppen genutzt werden. Auch der zwischenmenschliche Austausch kann dort wunderbar stattfinden.<\/p>\n<\/div>\n\n\n\n<div class=\"wp-block-column is-layout-flow wp-block-column-is-layout-flow\">\n<p class=\"has-text-color\" style=\"color:#265402\"><strong>Bistro<\/strong><\/p>\n\n\n\n<p>Hier gibt es die M\u00f6glichkeit, sich zu den verschiedensten Anl\u00e4ssen mit Mitsch\u00fclerinnen und Mitsch\u00fclern zu treffen. Mit einer kleinen K\u00fcchenzeile, Sofas, Tische und St\u00fchle, einem Fernseher und der Musikanlage ist im Bistro alles Wichtige vorhanden, um kleinere Feste, z.B. Geburtstage zu feiern oder in geselliger Runde Sportevents, Serien usw. am Fernseher zu verfolgen. Im Bistro finden auch hauseigene Feste, wie beispielsweise Weihnachtsfeiern und Mottopartys statt. Im Sommer kann zus\u00e4tzlich auch, nach Absprache, der Grillplatz genutzt werden, der dem Bistro angegliedert ist. Wenn Unterst\u00fctzung bei Planungen gew\u00fcnscht wird, sprechen Sie bitte das p\u00e4dagogische Team an.<\/p>\n\n\n\n<p class=\"has-text-color\" style=\"color:#265402\"><strong>Fernsehr\u00e4ume<\/strong><\/p>\n\n\n\n<p>In jedem Stockwerk steht Ihnen ein Fernsehzimmer mit einer einladenden Couchlandschaft und einem Fernseher mit Kabelanschluss f\u00fcr gem\u00fctliche gemeinsame Filmabende zur Verf\u00fcgung. Konsolen k\u00f6nnen hier, nach Absprache, ebenfalls genutzt werden.<\/p>\n\n\n\n<p class=\"has-text-color\" style=\"color:#265402\"><strong>B\u00fcro<\/strong><\/p>\n\n\n\n<p>Im B\u00fcro gibt es ein gro\u00dfes Angebot an Spielen, das jedes \u201eSpielerherz\u201c h\u00f6herschlagen l\u00e4sst. Die Bandbreite erstreckt sich von Brettspielen, z.B. Schach, Risiko und Sagaland, \u00fcber Actionspiele wie Kniffel, 4 gewinnt und Abalone bis hin zu Kartenspielen z.B. Phase 10, Uno, Ski-Bo und Bingo. Konsolen sind ebenfalls vorhanden und k\u00f6nnen eine gesellige Abwechslung sein. Ein HD Beamer steht auch zur Verf\u00fcgung.<\/p>\n\n\n\n<p class=\"has-text-color\" style=\"color:#265402\"><strong>Zimmer<\/strong><\/p>\n\n\n\n<p>Es gibt ausschlie\u00dflich Doppelzimmer, eine Einzelzimmerbelegung ist nicht vorgesehen, kann aber nach vorheriger Absprache und triftigen Gr\u00fcnden als Ausnahme genehmigt werden. Im Doppelzimmer sind jeweils eine Dusche und ein WC integriert. Eine LAN-Buchse je Bewohner ist vorhanden. In den Stockwerken sind W-Lan Router installiert, so dass beide M\u00f6glichkeiten genutzt werden k\u00f6nnen. Das Passwort gibt es im B\u00fcro. Bettw\u00e4sche wird gestellt, Toilettenpapier ist vorhanden, alle weiteren Utensilien m\u00fcssen selbst mitgebracht werden. Jeder Sch\u00fcler hat einen Schreibtisch mit Stuhl, einen Wandschrank und einen kleinen Safe zur Verf\u00fcgung. Ein Schloss f\u00fcr den Safe muss selbst mitgebracht werden.<\/p>\n<\/div>\n<\/div>\n\n\n\n<div style=\"height:44px\" aria-hidden=\"true\" class=\"wp-block-spacer\"><\/div>\n\n\n\n<figure class=\"wp-block-gallery alignwide columns-4 is-cropped wp-block-gallery-1 is-layout-flex wp-block-gallery-is-layout-flex\"><ul class=\"blocks-gallery-grid\"><li class=\"blocks-gallery-item\"><figure><a href=\"https:\/\/baustelle.schuelerheim-hoechstaedt.de\/wp-content\/uploads\/2020\/09\/fitnessraum.jpg\"><img loading=\"lazy\" decoding=\"async\" width=\"350\" height=\"200\" src=\"https:\/\/baustelle.schuelerheim-hoechstaedt.de\/wp-content\/uploads\/2020\/09\/fitnessraum.jpg\" alt=\"\" data-id=\"114\" data-link=\"https:\/\/baustelle.schuelerheim-hoechstaedt.de\/index.php\/freizeitraeume\/fitnessraum\/\" class=\"wp-image-114\" srcset=\"https:\/\/schuelerheim-hoechstaedt.de\/wp-content\/uploads\/2020\/09\/fitnessraum.jpg 350w, https:\/\/schuelerheim-hoechstaedt.de\/wp-content\/uploads\/2020\/09\/fitnessraum-300x171.jpg 300w\" sizes=\"auto, (max-width: 350px) 100vw, 350px\" \/><\/a><\/figure><\/li><li class=\"blocks-gallery-item\"><figure><a href=\"https:\/\/baustelle.schuelerheim-hoechstaedt.de\/wp-content\/uploads\/2020\/09\/billardtisch.jpg\"><img loading=\"lazy\" decoding=\"async\" width=\"300\" height=\"200\" src=\"https:\/\/baustelle.schuelerheim-hoechstaedt.de\/wp-content\/uploads\/2020\/09\/billardtisch.jpg\" alt=\"\" data-id=\"116\" data-link=\"https:\/\/baustelle.schuelerheim-hoechstaedt.de\/index.php\/freizeitraeume\/billardtisch\/\" class=\"wp-image-116\"\/><\/a><\/figure><\/li><li class=\"blocks-gallery-item\"><figure><a href=\"https:\/\/baustelle.schuelerheim-hoechstaedt.de\/wp-content\/uploads\/2020\/09\/fernseh_tv_raum.jpg\"><img loading=\"lazy\" decoding=\"async\" width=\"250\" height=\"167\" src=\"https:\/\/baustelle.schuelerheim-hoechstaedt.de\/wp-content\/uploads\/2020\/09\/fernseh_tv_raum.jpg\" alt=\"\" data-id=\"118\" data-link=\"https:\/\/baustelle.schuelerheim-hoechstaedt.de\/index.php\/freizeitraeume\/fernseh_tv_raum\/\" class=\"wp-image-118\"\/><\/a><\/figure><\/li><li class=\"blocks-gallery-item\"><figure><a href=\"https:\/\/baustelle.schuelerheim-hoechstaedt.de\/wp-content\/uploads\/2020\/09\/billard_kicker.jpg\"><img loading=\"lazy\" decoding=\"async\" width=\"250\" height=\"167\" src=\"https:\/\/baustelle.schuelerheim-hoechstaedt.de\/wp-content\/uploads\/2020\/09\/billard_kicker.jpg\" alt=\"\" data-id=\"130\" data-full-url=\"https:\/\/baustelle.schuelerheim-hoechstaedt.de\/wp-content\/uploads\/2020\/09\/billard_kicker.jpg\" data-link=\"https:\/\/baustelle.schuelerheim-hoechstaedt.de\/index.php\/freizeitraeume\/billard_kicker\/\" class=\"wp-image-130\"\/><\/a><\/figure><\/li><\/ul><\/figure>\n","protected":false},"excerpt":{"rendered":"<p>Bibliothek In der Bibliothek finden Sie ein gut sortiertes Angebot an Fachliteratur und Nachschlage- werke, nicht nur f\u00fcr Ihre Berufssparte. F\u00fcr die \u201eLeseratten\u201c unter Ihnen h\u00e4lt sie auch unterschiedlichste B\u00fccher f\u00fcr den Lesespa\u00df in der Freizeit bereit. Zwei Computer mit<\/p>\n","protected":false},"author":1,"featured_media":0,"parent":0,"menu_order":0,"comment_status":"closed","ping_status":"closed","template":"","meta":{"footnotes":""},"class_list":["post-61","page","type-page","status-publish","hentry","","tg-column-two"],"_links":{"self":[{"href":"https:\/\/schuelerheim-hoechstaedt.de\/index.php\/wp-json\/wp\/v2\/pages\/61","targetHints":{"allow":["GET"]}}],"collection":[{"href":"https:\/\/schuelerheim-hoechstaedt.de\/index.php\/wp-json\/wp\/v2\/pages"}],"about":[{"href":"https:\/\/schuelerheim-hoechstaedt.de\/index.php\/wp-json\/wp\/v2\/types\/page"}],"author":[{"embeddable":true,"href":"https:\/\/schuelerheim-hoechstaedt.de\/index.php\/wp-json\/wp\/v2\/users\/1"}],"replies":[{"embeddable":true,"href":"https:\/\/schuelerheim-hoechstaedt.de\/index.php\/wp-json\/wp\/v2\/comments?post=61"}],"version-history":[{"count":19,"href":"https:\/\/schuelerheim-hoechstaedt.de\/index.php\/wp-json\/wp\/v2\/pages\/61\/revisions"}],"predecessor-version":[{"id":319,"href":"https:\/\/schuelerheim-hoechstaedt.de\/index.php\/wp-json\/wp\/v2\/pages\/61\/revisions\/319"}],"wp:attachment":[{"href":"https:\/\/schuelerheim-hoechstaedt.de\/index.php\/wp-json\/wp\/v2\/media?parent=61"}],"curies":[{"name":"wp","href":"https:\/\/api.w.org\/{rel}","templated":true}]}}